ppose -3*h = -3*o + 120, 4*o + 4*h + h - 115 = 0. Let m = o + -11. Calculate the highest common divisor of 16 and m.
8
Let f(r) = r**3 - r**2 + 10. Let n = -7 + 11. Let b = n + -4. Let z be f(b). What is the highest common divisor of z and 80?
10
Let l be (5 - -7) + (5 - 2 - 3). Suppose 3*o - p - 32 = 0, -4*o + 2*p + 36 = -p. What is the greatest common factor of l and o?
12
Suppose 4*m - 4*h = 612, -4*h + 428 = 5*m - 310. Let a = -2 + 5. Suppose 0 = -8*l + a*l + m. Calculate the greatest common factor of 12 and l.
6
Let x be (23 + -3)*55/4. Suppose o - 6*o = -x. What is the greatest common divisor of o and 5?
5
Let m = -70 - -55. Let d be 2/(-4)*810/m. What is the greatest common divisor of d and 9?
9
Let w be (-12)/10*(-5)/2. Suppose -w*b = 2*f - 2 - 127, 5*b = -5*f + 335. What is the highest common divisor of 8 and f?
8
Let l = 23 - 20. Suppose 0 = -l*v + 754 - 259. Let h = 87 + v. Calculate the greatest common factor of h and 36.
36
Let w be 2232/21 - 18/63. What is the highest common factor of w and 477?
53
Suppose 0 = 3*o - 173 + 20. Let k = 237 - 203. What is the highest common divisor of o and k?
17
Suppose -644*r + 182 = -642*r. Calculate the highest common divisor of r and 56.
7
Let s be 8 - 3 - (-5 - -3 - 41). What is the highest common factor of 3 and s?
3
Let o = 28 - 26. Suppose h - m + 8 = 2*h, -o*h + 16 = -m. Calculate the highest common factor of 2 and h.
2
Let q be (-16 + 6)*15/(-2). Calculate the highest common divisor of 525 and q.
75
Let i = 626 + -434. Calculate the highest common factor of i and 64.
64
Let g = 763 - 658. Calculate the highest common factor of 30 and g.
15
Suppose 0 = -n + 1530 - 1525. Calculate the highest common divisor of n and 845.
5
Let k = 287 + -154. Calculate the highest common divisor of 7 and k.
7
Let i be (-3 - -4)/(6/30). Suppose i*g + 295 = 5*j, -j + 60 - 2 = -2*g. What is the highest common divisor of 24 and j?
12
Let z be 32 - (4 - (1 - -1)). Let a = 48 + 100. Suppose -w - 93 = -2*d + 58, 2*d - a = -2*w. Calculate the highest common divisor of d and z.
15
Let m = -11 - -14. Suppose q = 4*q - m*n - 57, 2*q + 2*n = 50. Let s be (q/33)/(2/42). What is the highest common factor of 7 and s?
7
Suppose 5*i = -3*v + 110, -4*i = i - 4*v - 75. Let s = 22 - i. Suppose 0 = s*j - 2*x - 78, 5*x - 4*x + 3 = 0. Calculate the greatest common factor of j and 3.
3
Let s(u) = -u**3 - 10*u**2 - 8*u - 5. Suppose 4*l + 60 = -12. Let p = l + 8. Let b be s(p). What is the highest common divisor of b and 15?
15
Suppose 8*w = 7*w + 2. Suppose -d + 3*b = -w, -2*d - 3*d - b + 58 = 0. Calculate the greatest common divisor of d and 22.
11
Let z be 217/2 - 6/(-12). Let w = z + -41. Suppose l = -3*l + w. What is the highest common divisor of 17 and l?
17
Let a = 2459 - 2317. What is the greatest common factor of a and 4?
2
Let t(c) = 5*c**2 - 6. Let a be t(5). Suppose -w = -2*s + a, 7*s - 3*s + 5*w - 231 = 0. What is the highest common divisor of 413 and s?
59
Let v(m) = -m**2 + 12*m + 10. Let r be v(5). Calculate the highest common factor of r and 75.
15
Let t = -69 - -65. Let v be (-6*8)/(-4) - t. Calculate the greatest common factor of v and 176.
16
Let f be (2 - 0)/((-4)/(-2 + -10)). Let i be (f/(9/(-3)))/(3/(-198)). Calculate the highest common factor of i and 12.
12
Suppose 256 = 25*w - 23*w. What is the highest common divisor of w and 80?
16
Suppose 97*w = 94*w + 636. What is the greatest common factor of 53 and w?
53
Let u = 467 - 452. Let s = -123 - -183. What is the highest common factor of u and s?
15
Let v be (-12 - -11)/((-1212)/(-1215) - 1). Calculate the highest common divisor of 360 and v.
45
Let f(u) = 6*u - 18. Let s be f(4). What is the highest common factor of 10 and s?
2
Let h = 19 - 15. Let y(d) = h*d + 1 + 21*d - 8*d. Let p be y(7). What is the greatest common divisor of p and 15?
15
Let c be 217/31 + 3/6*66. Calculate the greatest common factor of c and 70.
10
Suppose 3*p - 23 = 13. Let k = p + 12. What is the highest common divisor of k and 16?
8
Let r = 383 + -373. Let y(a) = 2*a - 6. Let m be y(4). What is the greatest common factor of r and m?
2
Suppose -7*y + 95 = -2*y. Suppose 5*f + 9 - y = 0. Suppose -3*v - 12 = 0, 0 = 3*t - f*v - 2 - 15. What is the greatest common divisor of t and 3?
3
Let w(q) = q - 6. Let t be w(8). Suppose 0*r - 27 = -r - t*j, 60 = 3*r - j. What is the highest common factor of 3 and r?
3
Let r be (88/(-11) - -515)/((-6)/(-8)). What is the highest common factor of 104 and r?
52
Let q = 381 + -271. Let g = 117 - q. What is the greatest common factor of g and 2?
1
Let d be (1234/20 - (-4)/(-8))*5. What is the greatest common factor of 9 and d?
9
Let s(m) = -2*m + 517. Let j be s(18). What is the highest common factor of 222 and j?
37
Suppose -2678*u + 2683*u - 350 = 0. Calculate the greatest common divisor of u and 1330.
70
Suppose -100 = -11*v + 362. What is the highest common factor of v and 2562?
42
Let r be (-4)/10 - (-67)/5. Let i(q) = -3*q + 7. Let p(l) = -l**3 - l**2 - 2. Let o be p(0). Let c be i(o). Calculate the greatest common factor of r and c.
13
Suppose 3*i = -4*n + 107, -2*i - n + 74 = n. Let a = i + -40. Calculate the highest common divisor of 1 and a.
1
Let h(s) = 5*s**2 + 61*s + 50. Let a be h(-22). What is the greatest common factor of a and 24?
24
Let t be (-6042)/318*(-1 - 6/2). What is the highest common factor of 1216 and t?
76
Suppose 23638 = -26*n + 87312. Calculate the greatest common divisor of 31 and n.
31
Let b be 4/(-14) - (-345)/7. Suppose -39*o + 8630 + 4747 = 0. What is the highest common factor of o and b?
49
Suppose 0 = -4*q + 14 + 22. Suppose -8*k - 9 = -q*k. Calculate the greatest common factor of k and 81.
9
Let m = 45 + 4. Suppose -630 = -13*r + 7. What is the greatest common divisor of r and m?
49
Let b = 31 - 17. Suppose s = b - 4. What is the greatest common divisor of s and 25?
5
Let n be 944/68 + 4/34. Let l be 5*(-5)/(75/(-18)). Let x be (l - 2)/(4/2). Calculate the greatest common factor of x and n.
2
Suppose 0 = 2*d - 4, 0 = 5*b + 8*d - 11*d - 29. Let o(k) = 3*k**2 - 8*k + 12. Let a be o(4). What is the greatest common factor of a and b?
7
Let o(v) = v**3 + 4*v**2 - 5*v + 5. Let g be o(-5). Suppose 0 = -g*k - 8*s + 3*s + 985, 0 = 3*s + 3. Calculate the highest common factor of k and 22.
22
Suppose -245*p + 240*p = -6235. Calculate the highest common factor of 58 and p.
29
Let f be (4 - 2) + (-6 - 5). Let b(l) = -l + 7. Let d be b(f). Calculate the greatest common divisor of 64 and d.
16
Let q(l) = 36*l + 78. Let j(o) = 5*o + 11. Let t(g) = -15*j(g) + 2*q(g). Let n be t(-15). What is the greatest common divisor of 4 and n?
4
Let b be (12/10)/(19/570). Suppose a + 3*j = j + 8, 0 = 5*a + 2*j - 24. What is the greatest common divisor of a and b?
4
Let b be (-6)/10 - 10/25. Let r be 13 + -10 - (-78 - b). What is the greatest common factor of 8 and r?
8
Suppose 2*d + 0*d = -3*s + 102, -4*d - 3*s = -192. Calculate the greatest common factor of d and 9.
9
Let t = -9 - -15. Suppose 0 = -t*g + g + 490. Let x = 66 - 52. What is the greatest common factor of x and g?
14
Let y = -24 + 40. Let r = 65 - 43. Suppose -64 = -26*g + r*g. Calculate the greatest common divisor of g and y.
16
Suppose -x - 18 = -3*m + x, 3*x = -4*m + 24. Let l(b) = b + 3. Let r be l(m). What is the highest common factor of r and 3?
3
Suppose 12*l - 1224 = 8*l. What is the highest common factor of 34 and l?
34
Suppose 772 = -13*t + 2137. What is the highest common divisor of 60 and t?
15
Suppose 98*s + 25*s = 2337. Let z(j) = 3*j + 2 - 2 + 18*j**2. Let r be z(3). Calculate the highest common divisor of r and s.
19
Let p be (-18)/(-135) + (-1376)/(-30). Let t = p + -38. Calculate the highest common factor of 32 and t.
8
Let i(h) = h**3 + 21*h**2 - 75*h + 6. Let w be i(6). Calculate the greatest common divisor of w and 48.
48
Let u = 75 - 79. Let r be 9/2*3/((-6)/u). What is the greatest common divisor of 72 and r?
9
Let r(x) = x**2 - 10*x - 10. Let h be r(8). Let q be 2 - (h - 0) - -1. Let m be q/4 - 5/20. Calculate the highest common divisor of 42 and m.
7
Suppose -4*a - 8 = 5*p, 2*a - 4*p - 22 = -0*a. Let s be (a - (-40)/(-15))*243. What is the greatest common divisor of 54 and s?
27
Suppose 2*f = 5*l + 7*f + 860, -5*l = 3*f + 850. Let o = -77 - l. What is the h